{"id":702,"date":"2024-04-27T11:31:09","date_gmt":"2024-04-27T14:31:09","guid":{"rendered":"https:\/\/infochenco.com.ar\/ppal\/?page_id=702"},"modified":"2024-05-07T12:43:39","modified_gmt":"2024-05-07T15:43:39","slug":"excel_inicial_clase_gratis","status":"publish","type":"page","link":"https:\/\/infochenco.com.ar\/ppal\/excel_inicial_clase_gratis\/","title":{"rendered":"excel_inicial_clase_gratis"},"content":{"rendered":"<style>.wp-block-kadence-advancedheading.kt-adv-heading702_e7acea-12, .wp-block-kadence-advancedheading.kt-adv-heading702_e7acea-12[data-kb-block=\"kb-adv-heading702_e7acea-12\"]{text-align:center;font-size:var(--global-kb-font-size-xl, 3rem);font-style:normal;}.wp-block-kadence-advancedheading.kt-adv-heading702_e7acea-12 mark.kt-highlight, .wp-block-kadence-advancedheading.kt-adv-heading702_e7acea-12[data-kb-block=\"kb-adv-heading702_e7acea-12\"] mark.kt-highlight{font-style:normal;color:#f76a0c;-webkit-box-decoration-break:clone;box-decoration-break:clone;padding-top:0px;padding-right:0px;padding-bottom:0px;padding-left:0px;}<\/style>\n<h2 class=\"kt-adv-heading702_e7acea-12 wp-block-kadence-advancedheading has-ast-global-color-1-color has-text-color\" data-kb-block=\"kb-adv-heading702_e7acea-12\">Excel inicial<\/h2>\n\n\n<style>.wp-block-kadence-advancedheading.kt-adv-heading702_a2330e-e4, .wp-block-kadence-advancedheading.kt-adv-heading702_a2330e-e4[data-kb-block=\"kb-adv-heading702_a2330e-e4\"]{text-align:center;font-size:var(--global-kb-font-size-lg, 2rem);font-style:normal;}.wp-block-kadence-advancedheading.kt-adv-heading702_a2330e-e4 mark.kt-highlight, .wp-block-kadence-advancedheading.kt-adv-heading702_a2330e-e4[data-kb-block=\"kb-adv-heading702_a2330e-e4\"] mark.kt-highlight{font-style:normal;color:#f76a0c;-webkit-box-decoration-break:clone;box-decoration-break:clone;padding-top:0px;padding-right:0px;padding-bottom:0px;padding-left:0px;}<\/style>\n<h2 class=\"kt-adv-heading702_a2330e-e4 wp-block-kadence-advancedheading has-ast-global-color-1-color has-text-color\" data-kb-block=\"kb-adv-heading702_a2330e-e4\">Domina Excel y mejora tu CV!!!<\/h2>\n\n\n<style>.wp-block-kadence-advancedheading.kt-adv-heading702_9f3402-48, .wp-block-kadence-advancedheading.kt-adv-heading702_9f3402-48[data-kb-block=\"kb-adv-heading702_9f3402-48\"]{text-align:center;font-size:24px;font-style:normal;}.wp-block-kadence-advancedheading.kt-adv-heading702_9f3402-48 mark.kt-highlight, .wp-block-kadence-advancedheading.kt-adv-heading702_9f3402-48[data-kb-block=\"kb-adv-heading702_9f3402-48\"] mark.kt-highlight{font-style:normal;color:#f76a0c;-webkit-box-decoration-break:clone;box-decoration-break:clone;padding-top:0px;padding-right:0px;padding-bottom:0px;padding-left:0px;}<\/style>\n<h2 class=\"kt-adv-heading702_9f3402-48 wp-block-kadence-advancedheading\" data-kb-block=\"kb-adv-heading702_9f3402-48\">Con este curso aprender\u00e1s los fundamentos de Excel, f\u00f3rmulas y funciones b\u00e1sicas, an\u00e1lisis de datos, gr\u00e1ficos y tablas, impresi\u00f3n y configuraci\u00f3n, entre otras cosas y en&nbsp;<strong>solo 120 minutos de clases<\/strong>&nbsp;que podr\u00e1s ver a tu ritmo.<\/h2>\n\n\n<style>.wp-block-kadence-advancedheading.kt-adv-heading702_26fc52-93, .wp-block-kadence-advancedheading.kt-adv-heading702_26fc52-93[data-kb-block=\"kb-adv-heading702_26fc52-93\"]{font-style:normal;}.wp-block-kadence-advancedheading.kt-adv-heading702_26fc52-93 mark.kt-highlight, .wp-block-kadence-advancedheading.kt-adv-heading702_26fc52-93[data-kb-block=\"kb-adv-heading702_26fc52-93\"] mark.kt-highlight{font-style:normal;color:#f76a0c;-webkit-box-decoration-break:clone;box-decoration-break:clone;padding-top:0px;padding-right:0px;padding-bottom:0px;padding-left:0px;}<\/style>\n<h2 class=\"kt-adv-heading702_26fc52-93 wp-block-kadence-advancedheading has-ast-global-color-0-color has-text-color\" data-kb-block=\"kb-adv-heading702_26fc52-93\">Aqu\u00ed abajo tienes disponible la clase de muestra gratis.<\/h2>\n\n\n\n<figure class=\"wp-block-embed is-type-video is-provider-youtube wp-block-embed-youtube wp-embed-aspect-16-9 wp-has-aspect-ratio\"><div class=\"wp-block-embed__wrapper\">\n<div class=\"ast-oembed-container \" style=\"height: 100%;\"><iframe loading=\"lazy\" title=\"Clase gratis de Excel Inicial\" width=\"500\" height=\"281\" src=\"https:\/\/www.youtube.com\/embed\/pFg4U3iFwcc?feature=oembed\" frameborder=\"0\" allow=\"accelerometer; autoplay; clipboard-write; encrypted-media; gyroscope; picture-in-picture; web-share\" referrerpolicy=\"strict-origin-when-cross-origin\" allowfullscreen><\/iframe><\/div>\n<\/div><\/figure>\n\n\n\n<div class=\"wp-block-buttons is-content-justification-center is-layout-flex wp-container-core-buttons-is-layout-a89b3969 wp-block-buttons-is-layout-flex\">\n<div class=\"wp-block-button has-custom-width wp-block-button__width-75 has-custom-font-size is-style-fill has-medium-font-size\"><a class=\"wp-block-button__link has-ast-global-color-2-background-color has-background has-text-align-center wp-element-button\" href=\"https:\/\/infochenco.com.ar\/ppal\/producto\/excel-inicial\/\" style=\"border-radius:15px\">SI TE GUSTO LA CLASE NO DUDES EN INSCRIBIRTE AL CURSO COMPLETO!!!<\/a><\/div>\n<\/div>\n\n\n\n<div style=\"height:49px\" aria-hidden=\"true\" class=\"wp-block-spacer\"><\/div>\n\n\n\n<p>En este curso, te guiar\u00e9 paso a paso desde los conceptos b\u00e1sicos hasta las herramientas m\u00e1s avanzadas de Excel.<\/p>\n\n\n\n<p><strong>Aprender\u00e1s a:<\/strong><\/p>\n\n\n\n<ul class=\"wp-block-list\">\n<li>Organizar y gestionar tus datos de forma eficiente.<\/li>\n\n\n\n<li>Realizar c\u00e1lculos y an\u00e1lisis complejos con f\u00f3rmulas y funciones.<\/li>\n\n\n\n<li>Visualizar tus datos de forma atractiva con gr\u00e1ficos y tablas.<\/li>\n\n\n\n<li>Automatizar tareas repetitivas con macros.<\/li>\n<\/ul>\n\n\n\n<p><strong>Que necesitas para hacer el curso:<\/strong><\/p>\n\n\n\n<p>No importa si nunca has usado Excel antes o si necesitas refrescar tus conocimientos, este curso te brindar\u00e1 las habilidades que necesitas para ser m\u00e1s productivo y eficiente en tu trabajo o estudios.<\/p>\n\n\n\n<p>Para realizar el curso lo \u00fanico que necesitas es: una computadora, aunque puedes hacerlo con un m\u00f3vil pero no lo recomiendo, conexi\u00f3n a internet y tener instalado cualquiera de los paquetes Office Microsoft 365.<\/p>\n\n\n\n<p><strong>A lo largo de 9 clases, abordaremos una amplia variedad de temas:<\/strong><\/p>\n\n\n\n<ul class=\"wp-block-list\">\n<li>Introducci\u00f3n a Excel: entorno de trabajo, tipos de datos, libros y hojas de c\u00e1lculo.<\/li>\n\n\n\n<li>F\u00f3rmulas y funciones b\u00e1sicas: operadores, referencias de celda, SUMA, PROMEDIO, MAX, MIN.<\/li>\n\n\n\n<li>Funciones y herramientas de an\u00e1lisis: BUSCARV, BUSCARH, CONCATENAR, SI, filtros, tablas din\u00e1micas.<\/li>\n\n\n\n<li>Formatos condicionales: reglas de formato, barras de datos, iconos.<\/li>\n\n\n\n<li>Gr\u00e1ficos y tablas: tipos de gr\u00e1ficos, creaci\u00f3n y edici\u00f3n, elementos de un gr\u00e1fico.<\/li>\n\n\n\n<li>Impresi\u00f3n y configuraci\u00f3n de p\u00e1gina: encabezados, pies de p\u00e1gina, m\u00e1rgenes, saltos de p\u00e1gina.<\/li>\n\n\n\n<li>Macros y automatizaci\u00f3n: grabaci\u00f3n de macros, uso de macros para automatizar tareas.<\/li>\n\n\n\n<li>Consejos y trucos para optimizar tu trabajo: atajos de teclado, plantillas predefinidas, soluci\u00f3n de problemas.<\/li>\n<\/ul>\n\n\n\n<p><strong>Las clases estar\u00e1n compuestas por:<\/strong><\/p>\n\n\n\n<ul class=\"wp-block-list\">\n<li>Explicaciones claras y concisas.<\/li>\n\n\n\n<li>Ejemplos pr\u00e1cticos y demostraciones.<\/li>\n\n\n\n<li>Ejercicios para poner en pr\u00e1ctica lo aprendido.<\/li>\n\n\n\n<li>Consultas al docente&nbsp;<\/li>\n<\/ul>\n\n\n\n<p><strong>Al finalizar este curso, ser\u00e1s capaz de:<\/strong><\/p>\n\n\n\n<ul class=\"wp-block-list\">\n<li>Utilizar Excel con confianza para realizar una amplia variedad de tareas.<\/li>\n\n\n\n<li>Resolver problemas de forma creativa y eficiente.<\/li>\n\n\n\n<li>Tomar decisiones m\u00e1s informadas basadas en tus datos.<\/li>\n\n\n\n<li>Impresionar a tus compa\u00f1eros de trabajo o profesores con tus habilidades en Excel.<\/li>\n<\/ul>\n\n\n\n<h3 class=\"wp-block-heading\"><strong>Temario<\/strong><\/h3>\n\n\n\n<ul class=\"wp-block-list\">\n<li><strong>Clase 1 :&nbsp;<\/strong>Introducci\u00f3n a Excel:\n<ul class=\"wp-block-list\">\n<li>\u00bfQu\u00e9 es Excel?<\/li>\n\n\n\n<li>Usos y aplicaciones de Excel<\/li>\n\n\n\n<li>Entorno de trabajo: pantalla principal, men\u00fa, barra de herramientas<\/li>\n\n\n\n<li>Tipos de datos en Excel<\/li>\n<\/ul>\n<\/li>\n\n\n\n<li><strong>Clase 2 :&nbsp;<\/strong>Libros y hojas de c\u00e1lculo:\n<ul class=\"wp-block-list\">\n<li>Creaci\u00f3n y gesti\u00f3n de libros de Excel<\/li>\n\n\n\n<li>Agregar, eliminar y renombrar hojas<\/li>\n\n\n\n<li>Formato de celdas: alineaci\u00f3n, bordes, colores, fuente<\/li>\n<\/ul>\n<\/li>\n\n\n\n<li><strong>Clase 3 :&nbsp;<\/strong>F\u00f3rmulas y funciones b\u00e1sicas:\n<ul class=\"wp-block-list\">\n<li>Operadores matem\u00e1ticos y l\u00f3gicos<\/li>\n\n\n\n<li>Creaci\u00f3n de f\u00f3rmulas simples<\/li>\n\n\n\n<li>Funciones b\u00e1sicas: SUMA, PROMEDIO, MAX, MIN<\/li>\n\n\n\n<li>Referencias de celda: relativas y absolutas<\/li>\n<\/ul>\n<\/li>\n\n\n\n<li><strong>Clase 4:&nbsp;<\/strong>Funciones y herramientas de an\u00e1lisis:\n<ul class=\"wp-block-list\">\n<li>Funciones de b\u00fasqueda y referencia: VLOOKUP, HLOOKUP<\/li>\n\n\n\n<li>Funciones de texto: CONCATENAR, SI, IZQUIERDA, DERECHA<\/li>\n\n\n\n<li>Filtros y ordenaci\u00f3n de datos<\/li>\n\n\n\n<li>Tablas din\u00e1micas: creaci\u00f3n y uso b\u00e1sico<\/li>\n<\/ul>\n<\/li>\n\n\n\n<li><strong>Clase 5 :&nbsp;<\/strong>Formatos condicionales:\n<ul class=\"wp-block-list\">\n<li>Concepto y tipos de formatos condicionales<\/li>\n\n\n\n<li>Reglas de formato: resaltar valores, barras de datos, iconos<\/li>\n\n\n\n<li>Formatos condicionales avanzados<\/li>\n<\/ul>\n<\/li>\n\n\n\n<li><strong>Clase 6 :&nbsp;<\/strong>Gr\u00e1ficos y tablas:\n<ul class=\"wp-block-list\">\n<li>Tipos de gr\u00e1ficos y su elecci\u00f3n<\/li>\n\n\n\n<li>Creaci\u00f3n y edici\u00f3n de gr\u00e1ficos<\/li>\n\n\n\n<li>Elementos de un gr\u00e1fico: t\u00edtulo, ejes, leyenda<\/li>\n\n\n\n<li>Tablas y gr\u00e1ficos din\u00e1micos<\/li>\n<\/ul>\n<\/li>\n\n\n\n<li><strong>Clase 7 :&nbsp;<\/strong>Impresi\u00f3n y configuraci\u00f3n de p\u00e1gina:\n<ul class=\"wp-block-list\">\n<li>Encabezados y pies de p\u00e1gina<\/li>\n\n\n\n<li>M\u00e1rgenes y ajuste de escala<\/li>\n\n\n\n<li>Saltos de p\u00e1gina y vista previa de impresi\u00f3n<\/li>\n\n\n\n<li>Impresi\u00f3n de \u00e1reas espec\u00edficas<\/li>\n<\/ul>\n<\/li>\n\n\n\n<li><strong>Clase 8 :&nbsp;<\/strong>Macros y automatizaci\u00f3n:\n<ul class=\"wp-block-list\">\n<li>Introducci\u00f3n a las macros: grabaci\u00f3n y ejecuci\u00f3n<\/li>\n\n\n\n<li>Uso de macros para automatizar tareas repetitivas<\/li>\n\n\n\n<li>Personalizaci\u00f3n de Excel con macros<\/li>\n<\/ul>\n<\/li>\n\n\n\n<li><strong>Clase 9 :&nbsp;<\/strong>Consejos y trucos para optimizar tu trabajo:\n<ul class=\"wp-block-list\">\n<li>Atajos de teclado para mayor eficiencia<\/li>\n\n\n\n<li>Plantillas predefinidas para diferentes tareas<\/li>\n\n\n\n<li>Soluci\u00f3n de problemas comunes<\/li>\n\n\n\n<li>Recursos adicionales para aprendizaje continuo<\/li>\n<\/ul>\n<\/li>\n<\/ul>\n\n\n\n<div style=\"height:82px\" aria-hidden=\"true\" class=\"wp-block-spacer\"><\/div>\n","protected":false},"excerpt":{"rendered":"<p>Excel inicial Domina Excel y mejora tu CV!!! Con este curso aprender\u00e1s los fundamentos de Excel, f\u00f3rmulas y funciones b\u00e1sicas, [&hellip;]<\/p>\n","protected":false},"author":1,"featured_media":0,"parent":0,"menu_order":0,"comment_status":"closed","ping_status":"closed","template":"","meta":{"site-sidebar-layout":"default","site-content-layout":"","ast-site-content-layout":"","site-content-style":"default","site-sidebar-style":"default","ast-global-header-display":"","ast-banner-title-visibility":"","ast-main-header-display":"","ast-hfb-above-header-display":"","ast-hfb-below-header-display":"","ast-hfb-mobile-header-display":"","site-post-title":"disabled","ast-breadcrumbs-content":"","ast-featured-img":"","footer-sml-layout":"","theme-transparent-header-meta":"","adv-header-id-meta":"","stick-header-meta":"","header-above-stick-meta":"","header-main-stick-meta":"","header-below-stick-meta":"","astra-migrate-meta-layouts":"default","ast-page-background-enabled":"default","ast-page-background-meta":{"desktop":{"background-color":"var(--ast-global-color-4)","background-image":"","background-repeat":"repeat","background-position":"center center","background-size":"auto","background-attachment":"scroll","background-type":"","background-media":"","overlay-type":"","overlay-color":"","overlay-gradient":""},"tablet":{"background-color":"","background-image":"","background-repeat":"repeat","background-position":"center center","background-size":"auto","background-attachment":"scroll","background-type":"","background-media":"","overlay-type":"","overlay-color":"","overlay-gradient":""},"mobile":{"background-color":"","background-image":"","background-repeat":"repeat","background-position":"center center","background-size":"auto","background-attachment":"scroll","background-type":"","background-media":"","overlay-type":"","overlay-color":"","overlay-gradient":""}},"ast-content-background-meta":{"desktop":{"background-color":"var(--ast-global-color-5)","background-image":"","background-repeat":"repeat","background-position":"center center","background-size":"auto","background-attachment":"scroll","background-type":"","background-media":"","overlay-type":"","overlay-color":"","overlay-gradient":""},"tablet":{"background-color":"var(--ast-global-color-5)","background-image":"","background-repeat":"repeat","background-position":"center center","background-size":"auto","background-attachment":"scroll","background-type":"","background-media":"","overlay-type":"","overlay-color":"","overlay-gradient":""},"mobile":{"background-color":"var(--ast-global-color-5)","background-image":"","background-repeat":"repeat","background-position":"center center","background-size":"auto","background-attachment":"scroll","background-type":"","background-media":"","overlay-type":"","overlay-color":"","overlay-gradient":""}},"footnotes":""},"class_list":["post-702","page","type-page","status-publish","hentry"],"_links":{"self":[{"href":"https:\/\/infochenco.com.ar\/ppal\/wp-json\/wp\/v2\/pages\/702","targetHints":{"allow":["GET"]}}],"collection":[{"href":"https:\/\/infochenco.com.ar\/ppal\/wp-json\/wp\/v2\/pages"}],"about":[{"href":"https:\/\/infochenco.com.ar\/ppal\/wp-json\/wp\/v2\/types\/page"}],"author":[{"embeddable":true,"href":"https:\/\/infochenco.com.ar\/ppal\/wp-json\/wp\/v2\/users\/1"}],"replies":[{"embeddable":true,"href":"https:\/\/infochenco.com.ar\/ppal\/wp-json\/wp\/v2\/comments?post=702"}],"version-history":[{"count":10,"href":"https:\/\/infochenco.com.ar\/ppal\/wp-json\/wp\/v2\/pages\/702\/revisions"}],"predecessor-version":[{"id":859,"href":"https:\/\/infochenco.com.ar\/ppal\/wp-json\/wp\/v2\/pages\/702\/revisions\/859"}],"wp:attachment":[{"href":"https:\/\/infochenco.com.ar\/ppal\/wp-json\/wp\/v2\/media?parent=702"}],"curies":[{"name":"wp","href":"https:\/\/api.w.org\/{rel}","templated":true}]}}